150 + 2301548. Is p composite?
False
Let j = -20 - -26. Suppose -4*y = -j*y + 8. Suppose y*v = 9395 - 1503. Is v a prime number?
True
Let x = 14 + 70. Is x/(-98) + (-13269)/(-21) a prime number?
True
Let x = 12 + -9. Suppose -x*i + 10 = 2*i. Suppose -1060 = -i*j - 206. Is j prime?
False
Suppose -5*x - 374*b + 458459 = -370*b, -4*x + 5*b = -366718. Is x prime?
False
Suppose -19*s + a = -18*s - 2, -3*a - 12 = -5*s. Let j(p) = 26271*p - 34. Is j(s) a composite number?
False
Let g = 153 - 45. Let z = g + -105. Suppose z*d = 2*u - 98, -6*d = 3*u - d - 147. Is u a composite number?
True
Suppose 782*d - 787*d + 618733 = 2*h, -d - 4*h + 123761 = 0. Is d composite?
True
Suppose -2*y = -5*p + 5129, 0*y + 2*y - p + 5117 = 0. Let r = -146 - y. Is r a composite number?
False
Let c = -302 + 304. Is c/(16/24036)*6/9 prime?
True
Suppose 0 = 5*g + 3*z - 2839693, 2839697 = 5*g + 57*z - 55*z. Is g a prime number?
False
Is (-297660)/(-66) + (-13 - 0) a prime number?
False
Suppose -133*x - 1251524 = -5694683 - 391258. Is x a composite number?
True
Let q(o) = -102*o - 47 + 12 - 205*o + 10. Is q(-12) prime?
True
Let m(y) = -3217*y**3 - 14*y**2 - 15*y - 49. Is m(-7) a prime number?
False
Let v(q) = 2576*q**2 + 29*q + 49. Is v(5) a prime number?
False
Let z(y) = -48*y**3 - 2*y**2 - 29*y + 139. Is z(-16) a composite number?
False
Let p(y) = -y**2 - 16*y - 14. Let z be p(-12). Suppose -x - 2*a = 1, -z = -5*x + 3*a - 0*a. Suppose -3*m + 15194 = 5*t - 0*m, -x*m + 3052 = t. Is t prime?
True
Suppose v + 5*n = -393 - 490, -4*n + 919 = -v. Let p be (31/(-1))/(21/v). Suppose 566 = 9*k - p. Is k prime?
True
Let y(l) = 89*l - 26 - 73 - 106 - 2. Is y(34) a composite number?
False
Let i = 262 - 175. Suppose 80*g + 9793 = i*g. Is g prime?
True
Let n(r) = r**3 + 14*r**2 - 9*r - 18. Let h be n(-14). Is 4 + h/(-26) + 14133/13 a composite number?
False
Let m be 4/(-3)*15/10 + 13. Suppose -26*a + m*a + 51855 = 0. Is a composite?
False
Let s(y) = 83*y - 8. Let h(b) = -b + 7. Let m(l) = -2*l**2 - 7*l - 3. Let j be m(-3). Let g be h(j). Is s(g) a composite number?
True
Suppose -8927068 = -307*c - 295149. Is c prime?
False
Suppose -5*w + 3*w + 14 = 0. Suppose -w*t + 7405 = -12*t. Is t/(0 + -1) - (0 + 0) a composite number?
False
Suppose -13657 = -3*i - 823. Suppose m - 1798 = -p, -2*m - 1101 - i = -3*p. Is p a prime number?
False
Is 1441284*19/399 + (-3)/(-7) a prime number?
True
Let o(h) = 787*h**2 - 12*h + 107. Is o(12) a composite number?
True
Let x = 34401 + -22258. Is x a composite number?
False
Let x(r) be the first derivative of -23*r**4/4 - 2*r**3 + 2*r**2 - 105. Is x(-5) prime?
False
Let m = 92 - 76. Is 102930/m - 6/48 prime?
False
Let w(h) = 13*h**2 - 296*h - 348. Is w(-89) a composite number?
False
Suppose d - 12647985 - 13906470 = -44*d. Is d composite?
False
Let g be (1 + (-3)/4)*148. Suppose -4*s - 2*t + t + g = 0, 3*t - 15 = 0. Suppose -3*y = 6, 3*l + s = -5*y + 355. Is l prime?
False
Let y(n) = -19932*n - 5663. Is y(-11) prime?
True
Suppose -1013 = -4*t - 921. Let u(g) = 3*g - 7 - 10 + 3. Is u(t) a composite number?
True
Let n = 5 - 18. Let b(f) = 3*f**2 + 37*f - 17. Let c be b(n). Is (1637/(2/2))/(-8 + c) a prime number?
True
Let l(f) = 2*f**2 - 13*f - 26. Suppose 2*m - o = -0*o - 95, -143 = 3*m - o. Let n = m - -61. Is l(n) a prime number?
False
Let u(c) = 4*c - 51. Let i be u(15). Is (-3)/i*(-5403 + 0) prime?
True
Suppose 25*a - 21171 = -f + 23*a, -42338 = -2*f - 5*a. Is f a composite number?
False
Suppose 0 = 47*p - 39*p. Suppose 7*y - 8*y - 4*l + 1182 = p, -4*l + 2356 = 2*y. Is y composite?
True
Suppose -5*f - 4*a + 202307 = 0, 4*f + 34*a = 38*a + 161824. Is f composite?
False
Suppose 2*r + 685812 = 6*r - 8*y, -2*r = 4*y - 342890. Is r a composite number?
False
Let d = -585343 - -3190448. Is d a prime number?
False
Let t(o) = 10949*o - 96. Is t(11) composite?
True
Is (-9)/27*1*(-38859 - 0) a composite number?
False
Suppose c = -464 + 2809. Suppose y - 852 = 5*t + 310, 3*t + c = 2*y. Suppose 0*s = n + 2*s - y, -3*s = -n + 1187. Is n a composite number?
False
Let v = -2961263 - -4755442. Is v prime?
True
Suppose 0 = -3*j + 5*z + 612184, 30*j - 6*z = 26*j + 816242. Is j prime?
False
Suppose 7*o - 9 - 12 = 0. Suppose -4*y + 28 = 5*b, -o*y - 5*b + 12 = -14. Suppose -1926 = -y*f - 2*q, 2*q = 4*f - 2557 - 1319. Is f a prime number?
True
Let o(a) = 1570 - 1579 + a**2 - 3*a + 4*a + a. Let p be o(10). Suppose 0 = 4*n + x - 148, x - 3*x = 3*n - p. Is n prime?
True
Let h(m) = 10*m**2 - 20*m - 117. Suppose -10*k - 110 + 0 = 0. Is h(k) composite?
True
Let p(r) = 10*r**3 + 2*r**2 + 7. Suppose -5 = 3*v - 17. Suppose -v + 0 = 2*w - 4*k, -24 = -3*w - 4*k. Is p(w) a prime number?
False
Suppose -4*n + 5*m = -1516892 - 625491, -535592 = -n + 5*m. Is n a prime number?
False
Is (162829 - 6) + (-5 + 6 - 7) a composite number?
True
Is (-40)/(-5) - 1 - 7058*-3 a prime number?
False
Suppose 9*x + 3*f - 34742 = 7*x, 4*x + f - 69504 = 0. Is x composite?
False
Suppose 6428 = 2*d + 3*h, -1788 = -3*d - 3*h + 7860. Let a = -2069 + d. Is a composite?
False
Let b(w) = -w**3 - 4*w**2 - 2*w + 3. Let c(u) = -u**2 + 6. Let o be c(-3). Let q be b(o). Suppose p - 845 - 1142 = q. Is p composite?
False
Let u be (9/11 - 1) + (-440)/242. Is (-10)/u + (-7 - -8964) prime?
False
Let y(p) = -p**3 - 5*p**2 + 28*p - 27. Let b be y(11). Let x = 1 + 11. Is (b - (-4)/x*0)/(-1) a prime number?
False
Suppose -6*k + 2660 = -4*k. Suppose -5*q + 10*q - k = 0. Suppose -q - 685 = -3*c. Is c composite?
False
Suppose 0 = 3*r - 9, 4*a = 3*r + 17 - 2. Is (-3)/(a/4)*(-14505)/10 a composite number?
True
Let w = 3470 - -822291. Is w composite?
True
Suppose 22*p - 6120598 = p + 799343. Is p composite?
True
Suppose -21589 + 426240 = y + 4*l, 1618740 = 4*y - l. Is y composite?
True
Let t be (15/(-4))/(3/24*-6). Suppose -2977 = -t*j + 4*j. Is j composite?
True
Let j = 27 + -17. Suppose -14*w + j = -9*w. Suppose -3*b = -3*h - 3735, w*b + 0*b = -5*h + 2518. Is b a composite number?
False
Is (403/(-143))/31 + (-1458448)/(-22) a composite number?
False
Suppose 22*k - 1356533 = -739666 + 1265739. Is k prime?
False
Suppose 10*t + 2123190 - 2766536 - 5895444 = 0. Is t a composite number?
False
Let z be 3*((-4)/(-12) + 0)*-1. Let c be z + -58 + -1 + 3. Let u = c + 163. Is u a prime number?
False
Let z(a) = -5*a**2 + 11*a + 9. Let b(j) = -4*j**2 + 11*j + 10. Let p(d) = -6*b(d) + 5*z(d). Let g be p(-9). Is 0 + 1716 + (4 - g) a composite number?
True
Let r be -8 + 5 - -6 - (1 - -9). Let k be -3 - 7/(r/8). Suppose p - 167 = 2*o + 38, k*o + 829 = 4*p. Is p a prime number?
True
Let m(o) = 3*o**2 + 44*o + 3. Let i be m(-15). Is (-1042)/(i/6 - 5) prime?
True
Let h = 28934 - -21209. Let j = h + -32984. Is j composite?
False
Is 4/(140/85390035) - (5 + (-99)/21) a prime number?
False
Suppose 143 + 1 = 3*j. Suppose 0 = -5*i + 5*w - 3*w + 847, i - 171 = 2*w. Let b = i - j. Is b prime?
False
Let o(a) be the second derivative of 11*a**4/6 + 5*a**3/2 + 29*a**2 - 2*a - 86. Is o(-3) prime?
True
Let v = 94351 - 42732. Is v a composite number?
True
Is -1*(-12)/(-1)*161094/(-24) a composite number?
True
Suppose -s = -9*i + 6*i - 350303, 1050935 = 3*s + 4*i. Is s a composite number?
True
Suppose 3*s + 32*s = -7*s + 1019802. Is s prime?
True
Let v = -643 - -677. Suppose 20*u - v*u + 65842 = 0. Is u a prime number?
True
Let o(j) = -6*j**2 + 7*j + 72. Let c be o(-11). Let p = 7622 - c. Is p composite?
False
Let p(b) = -115*b**3 + 3*b**2 - 5*b - 3. Let q be p(-3). Suppose q = s + 731. Is s a prime number?
False
Let r be (3 - (-39)/(-15)) + (-10738)/(-5). Suppose 3*q - r = -3*k, -3*q + 3572 = 2*q + k. Suppose 5*a + a = q. Is a a prime number?
False
Let l = -57 + 55. Let p be 63/18*(-357 + l/2). Let g = p + 2208. Is g a composite number?
True
Let v(c) = c**2 - 15*c + 36. Let g be v(12). Let l(b) = b**3 + 2*b**2 - 10*b + 818. Is l(g) prime?
False
Suppose 2*z - 42 = 5*z + x, 0 = 5*x. Is 329232/56 - (-2)/z a composite number?
False
Suppose -129869 = -18*n + 49825. Is n a prime number?
False
Let z be 1006/(-9) - (-4)/(-18). Let v = -24 - z. Suppose -v*x = -90*x + 434. Is x composite?
True
Let d(s) = s**3 + 6*s**2 - 18*s. Let g be d(-8). Suppose 20 + 60 = g*v. Suppose 0 = -v*k, 0*c = -c + 5*k + 1243. Is c composite?
True
Suppose -18748708 + 60257230 = 198*v. Is v composite?
F